 4080 = 0, -13110 = -q - 3*z. List the prime factors of q.
2, 3, 37, 59
Suppose -7*t - 562 - 600 = 0. Let v be 2*1 + (7 - t). Let z = v + -78. What are the prime factors of z?
97
Let t(o) = 398*o**2 - 5*o + 68. List the prime factors of t(6).
2, 11, 653
Let z be 4/20*15 + -3 + 2. List the prime factors of (-1130)/45*-6 - z/(-6).
151
Let d be 43 + 60/(-45)*(-6)/4. Let k = -37 + d. Suppose -14*s = -k*s - 366. List the prime factors of s.
61
Let k = -3778 + 7411. What are the prime factors of k?
3, 7, 173
Let j = 5339 - -3841. List the prime factors of j.
2, 3, 5, 17
Suppose -14*y + 49 = -7. Suppose -3*b + 795 = -y*i, b + 0*b - 246 = -5*i. List the prime factors of b.
3, 29
Let s = 38541 - 24748. List the prime factors of s.
13, 1061
Let g = 26973 - 9369. What are the prime factors of g?
2, 3, 163
Suppose 3297799 = 25*m - 23*m + 41*m. List the prime factors of m.
271, 283
Let u be (102/18 + 1)*-1029. List the prime factors of (-11)/(165/u) - (-4)/(-12).
457
What are the prime factors of (-1)/(5*7/(-377335)*1)?
10781
Suppose 5*c - 28 = c. Suppose 0 = -l + c*l - 252. What are the prime factors of 2 + 2 + l + 0?
2, 23
Suppose 5*t + 4460 = -5*o, 5*t - 6*o + 4410 = -o. Let k = -529 - t. List the prime factors of k.
2, 179
Suppose 5*p - 5*o - 105495 = 0, 8*o - 84375 = -4*p + 9*o. List the prime factors of p.
2, 5273
Let n(k) = k + 24. Let u = 61 - 54. Suppose -31 = 2*y - u. List the prime factors of n(y).
2, 3
Let b(a) = -91*a**2 - 90*a**2 - 26 - 59*a + 186*a**2. List the prime factors of b(21).
2, 5, 47
List the prime factors of 0/(-88) - (18373*-1 + 0).
19, 967
Let p(i) = -i**3 - 11*i**2 - 52*i - 13. Let k be p(-17). Suppose -22*a + 19725 = -k. What are the prime factors of a?
5, 7, 29
Suppose 0*o = -4*p + o + 36, -2*p = o - 18. Let n(w) = p - 2*w + 3*w + 3*w + 3*w. List the prime factors of n(12).
3, 31
Suppose 904 = 3*x + 316. Suppose 828 = h + x. What are the prime factors of h?
2, 79
Let j be -2 + 2 + 2 + 0. Let h = -3422 + 3737. Suppose -j*c = c - h. List the prime factors of c.
3, 5, 7
Suppose 24*u - 1033565 + 42053 = 0. List the prime factors of u.
3, 47, 293
Let n be (11*2/(-4))/(3/30). Let d = n - -228. What are the prime factors of d?
173
Suppose 0 = -2*i - 3*a - 1773, 22*a = -2*i + 24*a - 1788. Let u = 1573 + i. What are the prime factors of u?
2, 11, 31
Let v(l) = 16*l**3 - 38*l**2 + 17*l - 9. Let c(n) = 8*n**3 - 20*n**2 + 8*n - 4. Let u(i) = -11*c(i) + 6*v(i). List the prime factors of u(5).
2, 5, 43
Let m(x) = -x**2 - 29*x - 28. Let g be m(-28). Suppose 313 = 2*t - 3*y - g*y, 474 = 3*t - 3*y. List the prime factors of t.
7, 23
Let g be 1495 - 1/((-9 - -10)*3/12). Suppose 1 = 2*h - 37. Suppose h*v - 26*v = -g. List the prime factors of v.
3, 71
Let d(o) be the second derivative of 5*o**3/3 + 3*o**2/2 + 8*o. Let k be d(5). Let j = k + -32. What are the prime factors of j?
3, 7
What are the prime factors of ((272/24)/17)/(13/484068)?
2, 29, 107
Suppose 0 = -0*v + 27*v - 135. What are the prime factors of (1 + v)/(58/8149)?
3, 281
Suppose -11*f + 9 = -46. Suppose -5*b + 1073 = -b + 3*z, -f*z + 1079 = 4*b. What are the prime factors of b?
2, 7, 19
Let y(l) = 17825*l**3 - l**2 + 12*l - 12. List the prime factors of y(1).
2, 557
Suppose 0 = -3*z - 3*b + 61254, 17407 = 3*z + 5*b - 43835. What are the prime factors of z?
2, 3, 23, 37
Let u be (40/(-4) - -2)/((-1)/75). Suppose -4*i + 2408 = 4*t, -28*i + 29*i + 3*t = u. List the prime factors of i.
3, 67
Let o(w) = -w**2 - 10*w + 19. Suppose -9*t = 112 + 5. Let m be o(t). Let j = 47 - m. What are the prime factors of j?
67
Let x = -12520 - -36870. List the prime factors of x.
2, 5, 487
Let b = -10501 + 16623. What are the prime factors of b?
2, 3061
Let p(v) = v**3 + 2*v + 25*v - 25 - v - 15*v**2. Suppose 3*z + 777 = -4*j + 815, -5*z - j + 69 = 0. List the prime factors of p(z).
11, 13
Suppose -7*r + 111959 = -0*r + 27441. What are the prime factors of r?
2, 6037
Suppose 0 = 2*y + 69 - 281. Let u be 11/((-110)/40) + -58. Let l = u + y. List the prime factors of l.
2, 11
Suppose 5*b = 5*l - 374735, 145*b = -5*l + 143*b + 374700. List the prime factors of l.
2, 7, 53, 101
Let k be ((21/6)/7)/(2/4). Let x(v) = 124*v**2 + 3*v - 1. List the prime factors of x(k).
2, 3, 7
Suppose 5*a + 143 = -3*h, -2*h + h + 3*a - 57 = 0. Suppose 4*s + 2*r + 28 = 108, 3*r = 4*s - 70. Let l = s - h. List the prime factors of l.
2, 5, 7
Let v(i) = i**3 + 3*i**2 - 4*i + 8. Let n be v(-4). What are the prime factors of 1418/(n - (-6 + 12))?
709
Let q = -419 - -421. List the prime factors of (q + -854)*3/(-9) + 5.
17
Let c(h) = h**2 + 4*h - 8. Let f be c(-6). Let a(p) = 12*p**2 - 5*p + 5. List the prime factors of a(f).
3, 59
Suppose 0 = 14*m - 51 - 397. Suppose n - 76 = m. List the prime factors of n.
2, 3
Let l = 3288 - -1781. What are the prime factors of l?
37, 137
Let a = 2411 - 1047. Let c = -749 + a. List the prime factors of c.
3, 5, 41
Let u(s) = 34*s - 503. Let m be u(15). Let y(b) be the second derivative of 4*b**3/3 - 5*b**2 + 2*b. List the prime factors of y(m).
2, 23
Let b = 57 + -66. Let c be 0*(b/63)/(1/(-7)). Suppose c = -m - 37 + 95. What are the prime factors of m?
2, 29
Suppose 2711380 = 17*h + 72*h + 18*h. List the prime factors of h.
2, 5, 7, 181
List the prime factors of ((-103605)/90)/(6/(-72)).
2, 6907
Suppose -11*w - 131*w = -824594. List the prime factors of w.
5807
Let v(h) be the third derivative of 7*h**4/12 - h**3 + 14*h**2. Let t be v(-3). Let j = 13 - t. List the prime factors of j.
61
Let o = 200 - 196. Suppose -s = -o*t - 445, -5*t = -2*s + 328 + 547. What are the prime factors of s?
5, 17
Let x = 5067 + -3076. List the prime factors of x.
11, 181
Suppose -393*g + 391*g + 30 = 0. Suppose 17*j - 22 = g*j. List the prime factors of j.
11
Suppose -269 = -c - 0*c. Let f = c - 174. Let u = f - -17. List the prime factors of u.
2, 7
Suppose 1316 = z - 2*j - 5337, 2*j = 8. List the prime factors of z.
6661
Let d be -4 + 6 - (3 + -17). Let z = d + -14. Suppose 3*g = 5*v - 0*v + 302, -4*g + 384 = -z*v. What are the prime factors of g?
2, 47
Let a(m) = m**3 + 19*m**2 - 21*m - 58. Let f = 92 - 109. List the prime factors of a(f).
877
Suppose -4*n + 2*q - 7*q = 228, 4*q = -2*n - 114. Let c = n - -57. List the prime factors of (6/21 - 1174/(-7)) + c.
2, 3, 7
Suppose -14*p + f = -12*p - 2184, p - 1092 = -3*f. Suppose 21*z + p = 35*z. What are the prime factors of z?
2, 3, 13
Let b be (5 + 780)*9 - 3. Suppose 16*w = 794 + b. What are the prime factors of w?
491
Let s = 206 + -21. Let p be -11 + 7 + s + 0. Let k = p + -128. What are the prime factors of k?
53
Suppose -3*u = -62 - 2731. Let z = u + -547. Suppose 122 = 2*s + 4*o, -4*s = -5*o - z + 153. What are the prime factors of s?
59
Let s(n) = 42*n + 79. Suppose 18*j - 34*j + 176 = 0. List the prime factors of s(j).
541
Let u(y) = -88*y + 4099. List the prime factors of u(21).
2251
Let x(a) = 380*a - 1928. What are the prime factors of x(42)?
2, 877
Suppose -19624 = -4*d + 23996. What are the prime factors of d?
3, 5, 727
Suppose -3225 = -5*z + 7275. List the prime factors of (z/8)/(6/16).
2, 5, 7
Suppose 0 = 5*d - 7*d - 94. Let b = d + 77. List the prime factors of 4/b + (-1603)/(-15).
107
Suppose -j + 16 = -5*m - 0, 3*j = -3*m + 12. Let n(i) = 4*i**3 - 28*i + 1. What are the prime factors of n(j)?
17, 41
Let q = -97 - -96. Let g(b) = -343*b**3 - 2*b**2 - 2*b. Let u be g(q). Let k = u - 115. List the prime factors of k.
2, 3, 19
Suppose 153 = 7*y - 2038. Suppose -y - 485 = -6*o. What are the prime factors of o?
7, 19
Let p be (-53)/(-5) - 33/55. Suppose 6*j = p*j - 1064. What are the prime factors of -10*(0 + -1)*j/28?
5, 19
Let x(l) = 12*l**2 + 8*l + 4. Let y be x(-2). Let n = -12 - -11. Let i = y - n. List the prime factors of i.
37
Let f(a) = 2*a**3 - 6*a**2 - 8*a - 17. Let l(t) = t**2 - 18. Let x be l(5). List the prime factors of f(x).
11, 29
Let d(t) = 46*t - 6. Let g be d(-2). Let f = g + 166. Suppose i + c = 4*c + 96, -i - 4*c + f = 0. List the prime factors of i.
2, 3, 7
Suppose -2*d + 10 = 2*z, 3*d + d - 5*z - 29 = 0. Let j be 7/((-1)/(-2)*12/d). Suppose 2*y - j*a = -2*a + 349, 3*a = 3*y - 546. List the prime factors of y.
11, 17
Suppose 23*n + 81*n - 191950 = -6*n. What are the prime factors of n?
5, 349
Let w(b) = 10 - 20 + 18*b**2 - 2